{"id":730,"date":"2016-05-20T18:21:15","date_gmt":"2016-05-20T17:21:15","guid":{"rendered":"http:\/\/magriffeetmaplume.com\/?post_type=project&#038;p=730"},"modified":"2016-10-19T17:08:42","modified_gmt":"2016-10-19T16:08:42","slug":"essai-energie","status":"publish","type":"project","link":"http:\/\/magriffeetmaplume.com\/?project=essai-energie","title":{"rendered":"Plus Formation"},"content":{"rendered":"<p>[et_pb_section admin_label=\u00a0\u00bbsection\u00a0\u00bb][et_pb_row admin_label=\u00a0\u00bbrow\u00a0\u00bb][et_pb_column type=\u00a0\u00bb4_4&Prime;][et_pb_text admin_label=\u00a0\u00bb%22Portfolio%22&Prime; global_module=\u00a0\u00bb841&Prime; saved_tabs=\u00a0\u00bball\u00a0\u00bb background_layout=\u00a0\u00bblight\u00a0\u00bb text_orientation=\u00a0\u00bbleft\u00a0\u00bb use_border_color=\u00a0\u00bboff\u00a0\u00bb border_color=\u00a0\u00bb#ffffff\u00a0\u00bb border_style=\u00a0\u00bbsolid\u00a0\u00bb]<\/p>\n<h2 style=\"text-align: center;\"><span style=\"color: #ffcc00;\"><a href=\"http:\/\/magriffeetmaplume.com\/?page_id=807\">Portfolio<\/a><\/span><\/h2>\n<p>[\/et_pb_text][et_pb_text admin_label=\u00a0\u00bbplus formation\u00a0\u00bb background_layout=\u00a0\u00bblight\u00a0\u00bb text_orientation=\u00a0\u00bbleft\u00a0\u00bb use_border_color=\u00a0\u00bboff\u00a0\u00bb border_color=\u00a0\u00bb#ffffff\u00a0\u00bb border_style=\u00a0\u00bbsolid\u00a0\u00bb]<\/p>\n<h3 style=\"text-align: left;\">Plus Formation<\/h3>\n<p>[\/et_pb_text][\/et_pb_column][\/et_pb_row][et_pb_row admin_label=\u00a0\u00bbrow\u00a0\u00bb][et_pb_column type=\u00a0\u00bb4_4&Prime;][et_pb_divider admin_label=\u00a0\u00bbS\u00e9parateur\u00a0\u00bb color=\u00a0\u00bb#ffffff\u00a0\u00bb show_divider=\u00a0\u00bboff\u00a0\u00bb height=\u00a0\u00bb10&Prime; divider_style=\u00a0\u00bbsolid\u00a0\u00bb divider_position=\u00a0\u00bbtop\u00a0\u00bb hide_on_mobile=\u00a0\u00bbon\u00a0\u00bb]<\/p>\n<p>[\/et_pb_divider][\/et_pb_column][\/et_pb_row][et_pb_row admin_label=\u00a0\u00bbrow\u00a0\u00bb][et_pb_column type=\u00a0\u00bb3_4&Prime;][et_pb_text admin_label=\u00a0\u00bbTexte de pr\u00e9sentation plus formation\u00a0\u00bb background_layout=\u00a0\u00bblight\u00a0\u00bb text_orientation=\u00a0\u00bbleft\u00a0\u00bb use_border_color=\u00a0\u00bboff\u00a0\u00bb border_color=\u00a0\u00bb#ffffff\u00a0\u00bb border_style=\u00a0\u00bbsolid\u00a0\u00bb]<\/p>\n<p>Anne Truchet est formatrice depuis plus de 20 ans,&nbsp;dans le secteur associatif.&nbsp;Avec Plus Formation,&nbsp;elle aide chacun \u00e0 mieux communiquer, \u00e0 vivre des relations harmonieuses avec son entourage.<\/p>\n<p>[\/et_pb_text][\/et_pb_column][et_pb_column type=\u00a0\u00bb1_4&Prime;][\/et_pb_column][\/et_pb_row][et_pb_row admin_label=\u00a0\u00bbrow\u00a0\u00bb][et_pb_column type=\u00a0\u00bb4_4&Prime;][et_pb_divider admin_label=\u00a0\u00bbS\u00e9parateur\u00a0\u00bb color=\u00a0\u00bb#ffffff\u00a0\u00bb show_divider=\u00a0\u00bboff\u00a0\u00bb height=\u00a0\u00bb2&Prime; divider_style=\u00a0\u00bbsolid\u00a0\u00bb divider_position=\u00a0\u00bbtop\u00a0\u00bb hide_on_mobile=\u00a0\u00bbon\u00a0\u00bb]<\/p>\n<p>[\/et_pb_divider][et_pb_divider admin_label=\u00a0\u00bbS\u00e9parateur\u00a0\u00bb color=\u00a0\u00bb#ffffff\u00a0\u00bb show_divider=\u00a0\u00bboff\u00a0\u00bb height=\u00a0\u00bb10&Prime; divider_style=\u00a0\u00bbsolid\u00a0\u00bb divider_position=\u00a0\u00bbtop\u00a0\u00bb hide_on_mobile=\u00a0\u00bbon\u00a0\u00bb]<\/p>\n<p>[\/et_pb_divider][\/et_pb_column][\/et_pb_row][et_pb_row admin_label=\u00a0\u00bbLigne\u00a0\u00bb][et_pb_column type=\u00a0\u00bb3_4&Prime;][et_pb_image admin_label=\u00a0\u00bbImage\u00a0\u00bb show_in_lightbox=\u00a0\u00bboff\u00a0\u00bb url_new_window=\u00a0\u00bboff\u00a0\u00bb animation=\u00a0\u00bbleft\u00a0\u00bb sticky=\u00a0\u00bboff\u00a0\u00bb align=\u00a0\u00bbleft\u00a0\u00bb force_fullwidth=\u00a0\u00bboff\u00a0\u00bb always_center_on_mobile=\u00a0\u00bbon\u00a0\u00bb use_border_color=\u00a0\u00bboff\u00a0\u00bb border_color=\u00a0\u00bb#ffffff\u00a0\u00bb border_style=\u00a0\u00bbsolid\u00a0\u00bb use_overlay=\u00a0\u00bboff\u00a0\u00bb src=\u00a0\u00bbhttp:\/\/magriffeetmaplume.com\/wp-content\/uploads\/2015\/09\/PlusFormation.jpg\u00a0\u00bb custom_margin=\u00a0\u00bb||10px|\u00a0\u00bb]<\/p>\n<p>[\/et_pb_image][\/et_pb_column][et_pb_column type=\u00a0\u00bb1_4&Prime;][et_pb_code admin_label=\u00a0\u00bbCode description site + lien ouvrant nouvelle fen\u00eatre\u00a0\u00bb saved_tabs=\u00a0\u00bball\u00a0\u00bb]&lt;h4&gt;Site wordpress&lt;\/h4&gt;&lt;h5&gt;&lt;a style=&quot;color&#160;: #ffcc00&#160;;&quot; href=&quot;#&quot; onclick=&quot;MyWindow=window.open(&#x27;http:\/\/plus-formation.fr&#x27;,&#x27;MyWindow&#x27;,&#x27;toolbar=no,location=no,directories=no,status=no,menubar=no,scrollbars=yes,resizable=no,width=800,height=500&#x27;)&#160;; return false&#160;;&quot;&gt;plus-formation.fr&lt;\/a&gt;&lt;\/h5&gt;Conception de la charte graphique, r\u00e9alisation du site responsive (Divi). Aide \u00e0 la r\u00e9daction des textes. H\u00e9bergement et r\u00e9f\u00e9rencement. Formation wordpress&lt;\/p&gt;[\/et_pb_code][\/et_pb_column][\/et_pb_row][et_pb_row admin_label=\u00a0\u00bbrow\u00a0\u00bb][et_pb_column type=\u00a0\u00bb4_4&Prime;][et_pb_divider admin_label=\u00a0\u00bbS\u00e9parateur\u00a0\u00bb color=\u00a0\u00bb#ffffff\u00a0\u00bb show_divider=\u00a0\u00bboff\u00a0\u00bb height=\u00a0\u00bb30&Prime; divider_style=\u00a0\u00bbsolid\u00a0\u00bb divider_position=\u00a0\u00bbtop\u00a0\u00bb hide_on_mobile=\u00a0\u00bbon\u00a0\u00bb]<\/p>\n<p>[\/et_pb_divider][\/et_pb_column][\/et_pb_row][et_pb_row admin_label=\u00a0\u00bbLigne\u00a0\u00bb][et_pb_column type=\u00a0\u00bb1_4&Prime;][\/et_pb_column][et_pb_column type=\u00a0\u00bb1_4&Prime;][\/et_pb_column][et_pb_column type=\u00a0\u00bb1_4&Prime;][et_pb_code admin_label=\u00a0\u00bbCode description site + lien ouvrant nouvelle fen\u00eatre\u00a0\u00bb saved_tabs=\u00a0\u00bball\u00a0\u00bb]&lt;h4&gt;Logo&lt;\/h4&gt;<br \/>\n&lt;p&gt;Un logo qui fait le lien avec l&#x27;exp\u00e9rience m\u00e9dicale de Anne et ses valeurs&lt;\/p&gt;[\/et_pb_code][\/et_pb_column][et_pb_column type=\u00a0\u00bb1_4&Prime;][et_pb_image admin_label=\u00a0\u00bblogo Plus Formation\u00a0\u00bb src=\u00a0\u00bbhttp:\/\/magriffeetmaplume.com\/wp-content\/uploads\/2015\/09\/PlusFormationlogo.png\u00a0\u00bb show_in_lightbox=\u00a0\u00bboff\u00a0\u00bb url_new_window=\u00a0\u00bboff\u00a0\u00bb use_overlay=\u00a0\u00bboff\u00a0\u00bb animation=\u00a0\u00bbleft\u00a0\u00bb sticky=\u00a0\u00bboff\u00a0\u00bb align=\u00a0\u00bbleft\u00a0\u00bb force_fullwidth=\u00a0\u00bboff\u00a0\u00bb always_center_on_mobile=\u00a0\u00bbon\u00a0\u00bb use_border_color=\u00a0\u00bboff\u00a0\u00bb border_color=\u00a0\u00bb#ffffff\u00a0\u00bb border_style=\u00a0\u00bbsolid\u00a0\u00bb custom_margin=\u00a0\u00bb10px|10px|10px|10px\u00a0\u00bb]<\/p>\n<p>[\/et_pb_image][\/et_pb_column][\/et_pb_row][et_pb_row admin_label=\u00a0\u00bbrow\u00a0\u00bb][et_pb_column type=\u00a0\u00bb4_4&Prime;][et_pb_divider admin_label=\u00a0\u00bbS\u00e9parateur\u00a0\u00bb color=\u00a0\u00bb#ffffff\u00a0\u00bb show_divider=\u00a0\u00bboff\u00a0\u00bb height=\u00a0\u00bb30&Prime; divider_style=\u00a0\u00bbsolid\u00a0\u00bb divider_position=\u00a0\u00bbtop\u00a0\u00bb hide_on_mobile=\u00a0\u00bbon\u00a0\u00bb]<\/p>\n<p>[\/et_pb_divider][\/et_pb_column][\/et_pb_row][\/et_pb_section]<\/p>\n","protected":false},"excerpt":{"rendered":"<p>Portfolio Plus Formation Anne Truchet est formatrice depuis plus de 20 ans,&nbsp;dans le secteur associatif.&nbsp;Avec Plus Formation,&nbsp;elle aide chacun \u00e0 mieux communiquer, \u00e0 vivre des relations harmonieuses avec son entourage.<\/p>\n","protected":false},"author":1,"featured_media":1426,"comment_status":"open","ping_status":"closed","template":"","meta":{"_et_pb_use_builder":"on","_et_pb_old_content":"","_et_gb_content_width":"","_monsterinsights_skip_tracking":false,"_monsterinsights_sitenote_active":false,"_monsterinsights_sitenote_note":"","_monsterinsights_sitenote_category":0,"footnotes":""},"project_category":[13],"project_tag":[],"class_list":["post-730","project","type-project","status-publish","has-post-thumbnail","hentry","project_category-site-internet"],"aioseo_notices":[],"_links":{"self":[{"href":"http:\/\/magriffeetmaplume.com\/index.php?rest_route=\/wp\/v2\/project\/730","targetHints":{"allow":["GET"]}}],"collection":[{"href":"http:\/\/magriffeetmaplume.com\/index.php?rest_route=\/wp\/v2\/project"}],"about":[{"href":"http:\/\/magriffeetmaplume.com\/index.php?rest_route=\/wp\/v2\/types\/project"}],"author":[{"embeddable":true,"href":"http:\/\/magriffeetmaplume.com\/index.php?rest_route=\/wp\/v2\/users\/1"}],"replies":[{"embeddable":true,"href":"http:\/\/magriffeetmaplume.com\/index.php?rest_route=%2Fwp%2Fv2%2Fcomments&post=730"}],"version-history":[{"count":89,"href":"http:\/\/magriffeetmaplume.com\/index.php?rest_route=\/wp\/v2\/project\/730\/revisions"}],"predecessor-version":[{"id":1521,"href":"http:\/\/magriffeetmaplume.com\/index.php?rest_route=\/wp\/v2\/project\/730\/revisions\/1521"}],"wp:featuredmedia":[{"embeddable":true,"href":"http:\/\/magriffeetmaplume.com\/index.php?rest_route=\/wp\/v2\/media\/1426"}],"wp:attachment":[{"href":"http:\/\/magriffeetmaplume.com\/index.php?rest_route=%2Fwp%2Fv2%2Fmedia&parent=730"}],"wp:term":[{"taxonomy":"project_category","embeddable":true,"href":"http:\/\/magriffeetmaplume.com\/index.php?rest_route=%2Fwp%2Fv2%2Fproject_category&post=730"},{"taxonomy":"project_tag","embeddable":true,"href":"http:\/\/magriffeetmaplume.com\/index.php?rest_route=%2Fwp%2Fv2%2Fproject_tag&post=730"}],"curies":[{"name":"wp","href":"https:\/\/api.w.org\/{rel}","templated":true}]}}

<p>[et_pb_section admin_label= »section »][et_pb_row admin_label= »row »][et_pb_column type= »4_4&Prime;][et_pb_text admin_label= »%22Portfolio%22&Prime; global_module= »841&Prime; saved_tabs= »all » background_layout= »light » text_orientation= »left » use_border_color= »off » border_color= »#ffffff » border_style= »solid »]</p>
<h2 style="text-align: center;"><span style="color: #ffcc00;"><a href="http://magriffeetmaplume.com/?page_id=807">Portfolio</a></span></h2>
<p>[/et_pb_text][et_pb_text admin_label= »plus formation » background_layout= »light » text_orientation= »left » use_border_color= »off » border_color= »#ffffff » border_style= »solid »]</p>
<h3 style="text-align: left;">Plus Formation</h3>
<p>[/et_pb_text][/et_pb_column][/et_pb_row][et_pb_row admin_label= »row »][et_pb_column type= »4_4&Prime;][et_pb_divider admin_label= »Séparateur » color= »#ffffff » show_divider= »off » height= »10&Prime; divider_style= »solid » divider_position= »top » hide_on_mobile= »on »]</p>
<p>[/et_pb_divider][/et_pb_column][/et_pb_row][et_pb_row admin_label= »row »][et_pb_column type= »3_4&Prime;][et_pb_text admin_label= »Texte de présentation plus formation » background_layout= »light » text_orientation= »left » use_border_color= »off » border_color= »#ffffff » border_style= »solid »]</p>
<p>Anne Truchet est formatrice depuis plus de 20 ans,&nbsp;dans le secteur associatif.&nbsp;Avec Plus Formation,&nbsp;elle aide chacun à mieux communiquer, à vivre des relations harmonieuses avec son entourage.</p>
<p>[/et_pb_text][/et_pb_column][et_pb_column type= »1_4&Prime;][/et_pb_column][/et_pb_row][et_pb_row admin_label= »row »][et_pb_column type= »4_4&Prime;][et_pb_divider admin_label= »Séparateur » color= »#ffffff » show_divider= »off » height= »2&Prime; divider_style= »solid » divider_position= »top » hide_on_mobile= »on »]</p>
<p>[/et_pb_divider][et_pb_divider admin_label= »Séparateur » color= »#ffffff » show_divider= »off » height= »10&Prime; divider_style= »solid » divider_position= »top » hide_on_mobile= »on »]</p>
<p>[/et_pb_divider][/et_pb_column][/et_pb_row][et_pb_row admin_label= »Ligne »][et_pb_column type= »3_4&Prime;][et_pb_image admin_label= »Image » show_in_lightbox= »off » url_new_window= »off » animation= »left » sticky= »off » align= »left » force_fullwidth= »off » always_center_on_mobile= »on » use_border_color= »off » border_color= »#ffffff » border_style= »solid » use_overlay= »off » src= »http://magriffeetmaplume.com/wp-content/uploads/2015/09/PlusFormation.jpg » custom_margin= »||10px| »]</p>
<p>[/et_pb_image][/et_pb_column][et_pb_column type= »1_4&Prime;][et_pb_code admin_label= »Code description site + lien ouvrant nouvelle fenêtre » saved_tabs= »all »]&lt;h4&gt;Site wordpress&lt;/h4&gt;&lt;h5&gt;&lt;a style=&quot;color&#160;: #ffcc00&#160;;&quot; href=&quot;#&quot; onclick=&quot;MyWindow=window.open(&#x27;http://plus-formation.fr&#x27;,&#x27;MyWindow&#x27;,&#x27;toolbar=no,location=no,directories=no,status=no,menubar=no,scrollbars=yes,resizable=no,width=800,height=500&#x27;)&#160;; return false&#160;;&quot;&gt;plus-formation.fr&lt;/a&gt;&lt;/h5&gt;Conception de la charte graphique, réalisation du site responsive (Divi). Aide à la rédaction des textes. Hébergement et référencement. Formation wordpress&lt;/p&gt;[/et_pb_code][/et_pb_column][/et_pb_row][et_pb_row admin_label= »row »][et_pb_column type= »4_4&Prime;][et_pb_divider admin_label= »Séparateur » color= »#ffffff » show_divider= »off » height= »30&Prime; divider_style= »solid » divider_position= »top » hide_on_mobile= »on »]</p>
<p>[/et_pb_divider][/et_pb_column][/et_pb_row][et_pb_row admin_label= »Ligne »][et_pb_column type= »1_4&Prime;][/et_pb_column][et_pb_column type= »1_4&Prime;][/et_pb_column][et_pb_column type= »1_4&Prime;][et_pb_code admin_label= »Code description site + lien ouvrant nouvelle fenêtre » saved_tabs= »all »]&lt;h4&gt;Logo&lt;/h4&gt;<br />
&lt;p&gt;Un logo qui fait le lien avec l&#x27;expérience médicale de Anne et ses valeurs&lt;/p&gt;[/et_pb_code][/et_pb_column][et_pb_column type= »1_4&Prime;][et_pb_image admin_label= »logo Plus Formation » src= »http://magriffeetmaplume.com/wp-content/uploads/2015/09/PlusFormationlogo.png » show_in_lightbox= »off » url_new_window= »off » use_overlay= »off » animation= »left » sticky= »off » align= »left » force_fullwidth= »off » always_center_on_mobile= »on » use_border_color= »off » border_color= »#ffffff » border_style= »solid » custom_margin= »10px|10px|10px|10px »]</p>
<p>[/et_pb_image][/et_pb_column][/et_pb_row][et_pb_row admin_label= »row »][et_pb_column type= »4_4&Prime;][et_pb_divider admin_label= »Séparateur » color= »#ffffff » show_divider= »off » height= »30&Prime; divider_style= »solid » divider_position= »top » hide_on_mobile= »on »]</p>
<p>[/et_pb_divider][/et_pb_column][/et_pb_row][/et_pb_section]</p>

<p>Portfolio Plus Formation Anne Truchet est formatrice depuis plus de 20 ans,&nbsp;dans le secteur associatif.&nbsp;Avec Plus Formation,&nbsp;elle aide chacun à mieux communiquer, à vivre des relations harmonieuses avec son entourage.</p>
